w, 9 = -3*u + 3*w. What is the remainder when (-3)/(-15) - 57/(-15) is divided by u?
0
Let o(s) = -2*s**2 + 16*s - 9. What is the remainder when 104 is divided by o(5)?
20
Let h(g) = -2*g**3 - g**2 - g. Let n be h(-1). Let l = 14 + -10. Suppose -l*a = 5*q - 24, 3*a + 3*q - 16 = n. What is the remainder when 16 is divided by a?
4
Suppose -68 = -2*m - 14. Let c be 0 + 1/((-2)/(-8)). Suppose 103 - m = c*d. What is the remainder when 36 is divided by d?
17
Suppose 1 + 7 = 2*t. Suppose 2*n = -t*j + 10, 5*n + 5*j - 53 = 2*j. What is the remainder when 36 is divided by n?
10
Let a = 78 + -44. Calculate the remainder when a is divided by 20.
14
Let x = 9 - 3. Calculate the remainder when x is divided by 4.
2
Suppose 5*t - 101 = -3*i, 4*t - 37 - 37 = i. Calculate the remainder when 30 is divided by t.
11
Suppose -3*m = -11 - 91. Calculate the remainder when m is divided by 3.
1
Suppose -50 = -2*j + 14. Calculate the remainder when j is divided by 9.
5
Let z be (-210)/27 + 4/(-18). Let r = 22 - z. What is the remainder when 117 is divided by r?
27
Let a(f) = -8 - f**3 + 1 + 2*f**3 + 7*f**2 - 10*f. Calculate the remainder when 26 is divided by a(-8).
8
Suppose -49 + 7 = -3*q. Calculate the remainder when 26 is divided by q.
12
Let r be 0*((-9)/6 - -2). Calculate the remainder when 2 is divided by 4 + r + -2 - 1.
0
Suppose -11*b + 2*b = -54. What is the remainder when 10 is divided by b?
4
Suppose -2*h = h - 174. Let g(y) = y + 3. Calculate the remainder when h is divided by g(9).
10
Suppose f = -3*f + 4, 4*s - 2*f = 6. Suppose -5*g - 2*b + 53 = -s*g, -2*b = g - 23. Calculate the remainder when g is divided by (15/10)/((-6)/(-32)).
7
Suppose -2*a = 3*t - 7*a - 15, 15 = 3*t + 4*a. Calculate the remainder when 18 is divided by t.
3
Let l(i) = i**3 - 2*i**2 + i + 2. What is the remainder when 73 is divided by l(4)?
35
Let t be (-3)/(-6)*-2 + 0. Let n be (-1 + 0)*0/t. Suppose n = i - b - 4*b - 28, 5*i - 116 = b. Calculate the remainder when i is divided by 12.
11
Let o(l) = -6*l. Let y be o(-2). Suppose -s + 4*s = y. Suppose 5*j - j = -4*u + 32, -u - s = 4*j. What is the remainder when 34 is divided by u?
10
Let t(d) = -5*d + 3*d + 0 + 3 + 2. What is the remainder when t(-7) is divided by 10?
9
Let r(h) = 6*h**2 + h + 4. Suppose g = -3*g - 16. Let q(p) = 5*p**2 + p + 3. Let b(k) = g*r(k) + 5*q(k). What is the remainder when 31 is divided by b(3)?
9
Suppose 0 = 3*b - 6*b + 18. Suppose -b - 15 = -x. Let a(t) = -t + 62. Calculate the remainder when a(0) is divided by x.
20
Suppose -5*a = -3*a - 26. Suppose y - 6 = -y. Suppose 0 = 4*g - 12, -g = -y*p - 20 + 131. Calculate the remainder when p is divided by a.
12
Let s(c) = c**2 + c - 2. Let v be s(2). Suppose 0 = -i - 3*r + r + 13, 67 = v*i + 3*r. Let o = -87 + 124. Calculate the remainder when o is divided by i.
18
Let l = 90 - 18. Suppose 2*q - 75 = -3*m, -4*q + 48 = -3*m + 123. Calculate the remainder when l is divided by m.
22
Let v(b) = b**2 + 2*b + 1. Let k be v(-2). What is the remainder when 1 is divided by (-1)/k - (-1 - 1)?
0
Let z = 62 + -23. Suppose 0 = -4*u - 2 - 2. Let x = 9 - u. Calculate the remainder when z is divided by x.
9
Let r be (-4)/6 + (-78)/(-9). Let v = r - 5. Suppose 2*g + 20 = v*g. Calculate the remainder when g is divided by 11.
9
Let y(l) = l**3 - 2*l**2 - l + 1. Calculate the remainder when y(4) is divided by 10.
9
Let u = -12 - -18. Let n be (15/(-10))/(u/(-8)). What is the remainder when 2 is divided by (-4 + 1)*n/(-3)?
0
Let p(h) = -8*h**2 + 11*h + 2*h**2 - h**3 + 5 + 4. Calculate the remainder when p(-8) is divided by 17.
15
What is the remainder when (-2)/4 + 33/2 is divided by 6?
4
Let n(w) = 7*w**2 - w + 4. Let p be n(-3). Calculate the remainder when 10 is divided by 10/p + (-20)/(-7).
1
Suppose 2*n + n - h - 7 = 0, -4*h = -2*n - 12. What is the remainder when 5 is divided by n?
1
Let m(d) = -51*d**2 + 4*d + 5. Let j(r) = -r**2 + r + 1. Let t(b) = 6*j(b) - m(b). Let a = -12 + 27. Calculate the remainder when t(-1) is divided by a.
14
Calculate the remainder when 49 is divided by 3 - ((-4)/1 - 8).
4
Suppose -2*h + 0*h + 98 = 0. Suppose -h + 3 = -2*t. Calculate the remainder when t is divided by 6.
5
Let z(i) = 49*i + 8. Let o be z(6). Suppose -5*h + o - 57 = 0. Calculate the remainder when h is divided by 13.
10
Let j(r) = 4*r**2 + 2*r + 1. Suppose -x + 14 = 3*d, 3*d - 61 = -2*x - 24. Calculate the remainder when j(3) is divided by x.
20
Let m(a) = 3*a**3 - 4*a**2 + 3*a - 1. Let q = -2 + 4. Calculate the remainder when q*(1 - 35/(-2)) is divided by m(2).
11
Let w(f) = 2*f**2. Let t be w(-1). Suppose -j + 5 = -t. Suppose 129 = 6*u + 9. What is the remainder when u is divided by j?
6
Suppose -d + 0 = 2. Let y be d/(-4) + 1/2. Suppose 2*b - 37 = -3*o, -3*b + 3*o + y = -17. Calculate the remainder when 30 is divided by b.
8
Let j = 10 + -3. Let w be 0/(3/(3/(-2))). Suppose 0 = 2*y + 3*z - 3, w = y + z - 3 + 1. Calculate the remainder when j is divided by y.
1
Suppose 5*f = 8*f - 48. Calculate the remainder when f is divided by 10.
6
Calculate the remainder when 47 is divided by 11 - (27/(-12) + 3/12).
8
Let s(g) = 3*g**3 - 2*g + 2. Let j(w) = 6*w - 9. Let l(m) = -5*m + 8. Let f(x) = 4*j(x) + 5*l(x). Calculate the remainder when s(2) is divided by f(-4).
6
Let f = -2 - -23. Let x(o) = o + 2 - 2 + 4 - 1. Calculate the remainder when f is divided by x(8).
10
Calculate the remainder when (-3)/(-1) - (-6)/3 is divided by 2.
1
Let u = -20 + 40. What is the remainder when u is divided by 11?
9
Let p(u) be the first derivative of u**2/2 - u - 2. Let h be p(9). Let j(a) = a + 4. What is the remainder when 46 is divided by j(h)?
10
Suppose 3*u = u + 38. What is the remainder when u is divided by 6?
1
Let y(t) = 4*t**3 + t - 5*t**3 + 3*t**2 + 2 + 2*t**3. What is the remainder when 11 is divided by y(-2)?
3
Suppose -4*x + 5 = -2*o + 3, -3*o = 3*x - 15. Calculate the remainder when (-17)/(-4) + 9/12 is divided by o.
2
Suppose 4*u - 36 = j, 2*j - 18 = -2*u - j. Calculate the remainder when 33 is divided by u.
6
Let v(q) = 14*q**3 + 2*q**2 + 3. What is the remainder when v(2) is divided by 25?
23
Suppose 5*j - 172 = -52. Suppose o = 2*o - 2*r - j, 0 = -o - 3*r + 14. Calculate the remainder when 59 is divided by o.
19
Let v = 17 - -6. Calculate the remainder when 43 is divided by v.
20
Suppose -u - 5 = 0, y - 3*u = -u + 109. Let v = 70 + -45. What is the remainder when y is divided by v?
24
Suppose 104 = -x + 5*x - 4*d, -66 = -3*x - d. Calculate the remainder when 45 is divided by x.
22
Suppose 7*r = 9*r + 56. Let k = -7 - r. What is the remainder when 81 is divided by k?
18
Let w = -61 + 105. Suppose 3*q = -4*p + w, 0*q + q - 20 = -4*p. Suppose -z + 5*d = -9 - 14, 0 = 5*d. Calculate the remainder when z is divided by q.
11
Let t = 27 - 11. Let w(p) = 2*p**2 + 5*p**2 - 2 + 1. What is the remainder when t is divided by w(1)?
4
Suppose -2*u = 2*u - 24. Let i(f) = f - 2. Let t be i(u). Calculate the remainder when 9*((-40)/(-3))/t is divided by 16.
14
Let k be (-16)/(-3) - (-9)/(-27). Suppose k*z = z + 64. Suppose 0 = 2*r + 2*r - 36. What is the remainder when z is divided by r?
7
Let j = 49 - 24. Let u = -2 + j. Calculate the remainder when u is divided by 6.
5
Suppose 5*l - d = 8, -2*d - d - 14 = -5*l. Suppose 0 = a + 2 - 3. Calculate the remainder when a is divided by 0/l - 12/(-12).
0
Let i(s) = s**2 + 2*s - 3. Let p be (-4)/(-3)*(-18)/4. Calculate the remainder when 40 is divided by i(p).
19
Suppose 3*r - 588 = -4*x, -3*x + 0*r + r = -454. Calculate the remainder when x is divided by 38.
36
Calculate the remainder when 105/2 + 3/2 is divided by 11.
10
Let f be 4/(-22) - 852/33. Let b = -22 - f. Let c = 49 + -34. What is the remainder when c is divided by b?
3
Let r(y) = -14*y + 4. Let z be r(-2). Let u = -14 + z. What is the remainder when 51 is divided by u?
15
Suppose 6 = 3*t - 0. Let c = -5 + 12. Calculate the remainder when c is divided by t.
1
Suppose 2*b - 2 = -8. Let l(d) = -4 - 9*d**2 - d + 9*d**2 + 3*d**2. What is the remainder when l(b) is divided by 9?
8
Let g(n) = 5*n**2 - 4*n - 5. Suppose 0 = 3*c - 7 - 2. Suppose 0*q - 6 = -r + c*q, -2*r = 2*q - 36. Calculate the remainder when g(4) is divided by r.
14
What is the remainder when 93 is divided by (0 - -13) + (3 - 0) + 0?
13
L